{"id":178,"date":"2023-12-14T12:55:39","date_gmt":"2023-12-14T12:55:39","guid":{"rendered":"https:\/\/gruposupra.med.br\/?page_id=178"},"modified":"2023-12-14T12:55:39","modified_gmt":"2023-12-14T12:55:39","slug":"remocoes","status":"publish","type":"page","link":"https:\/\/gruposupra.med.br\/index.php\/remocoes\/","title":{"rendered":"Remo\u00e7\u00f5es"},"content":{"rendered":"\n<p>Remo\u00e7\u00f5es em ambul\u00e2ncia \u00e9 o transporte de pacientes de um local para outro, utilizando ambul\u00e2ncias equipadas com toda a estrutura necess\u00e1ria para o suporte b\u00e1sico de vida. Essas remo\u00e7\u00f5es podem ser intra-hospitalares, para transfer\u00eancia de pacientes de uma unidade para outra dentro do pr\u00f3prio hospital, ou inter-hospitalares, que ocorrem quando o paciente precisa ser transferido para outro hospital ou institui\u00e7\u00e3o de sa\u00fade.<\/p>\n\n\n\n<p>As remo\u00e7\u00f5es em ambul\u00e2ncia podem ser realizadas por empresas especializadas em transporte de pacientes, que contam com profissionais capacitados e equipamentos adequados para a garantia da seguran\u00e7a e do conforto do paciente em todas as etapas do processo.<\/p>\n\n\n\n<p>Os tipos de ambul\u00e2ncias utilizadas nas remo\u00e7\u00f5es podem variar de acordo com a necessidade do paciente. As ambul\u00e2ncias b\u00e1sicas s\u00e3o indicadas para o transporte de pacientes est\u00e1veis, que n\u00e3o necessitam de cuidados m\u00e9dicos intensivos durante o trajeto. J\u00e1 as ambul\u00e2ncias avan\u00e7adas contam com equipamentos mais sofisticados e equipe m\u00e9dica capacitada para assistir pacientes com quadros mais graves ou que exijam suporte mais intenso durante o transporte.<\/p>\n\n\n\n<p>Importante ressaltar que as remo\u00e7\u00f5es em ambul\u00e2ncia s\u00e3o indicadas em casos espec\u00edficos e sempre devem ser prescritas e coordenadas por profissionais de sa\u00fade, que avaliar\u00e3o a necessidade e o tipo de transporte adequado para cada paciente. Al\u00e9m disso, \u00e9 importante contratar uma empresa de remo\u00e7\u00e3o de ambul\u00e2ncia confi\u00e1vel e experiente, que ofere\u00e7a seguran\u00e7a e qualidade no transporte dos pacientes.<\/p>\n","protected":false},"excerpt":{"rendered":"<p>Remo\u00e7\u00f5es em ambul\u00e2ncia \u00e9 o transporte de pacientes de um local para outro, utilizando ambul\u00e2ncias equipadas com toda a estrutura necess\u00e1ria para o suporte b\u00e1sico de vida. Essas remo\u00e7\u00f5es podem ser intra-hospitalares, para transfer\u00eancia de pacientes de uma unidade para outra dentro do pr\u00f3prio hospital, ou inter-hospitalares, que ocorrem quando o paciente precisa ser transferido [&hellip;]<\/p>\n","protected":false},"author":1,"featured_media":0,"parent":0,"menu_order":0,"comment_status":"closed","ping_status":"closed","template":"","meta":{"footnotes":""},"class_list":["post-178","page","type-page","status-publish","hentry"],"_links":{"self":[{"href":"https:\/\/gruposupra.med.br\/index.php\/wp-json\/wp\/v2\/pages\/178","targetHints":{"allow":["GET"]}}],"collection":[{"href":"https:\/\/gruposupra.med.br\/index.php\/wp-json\/wp\/v2\/pages"}],"about":[{"href":"https:\/\/gruposupra.med.br\/index.php\/wp-json\/wp\/v2\/types\/page"}],"author":[{"embeddable":true,"href":"https:\/\/gruposupra.med.br\/index.php\/wp-json\/wp\/v2\/users\/1"}],"replies":[{"embeddable":true,"href":"https:\/\/gruposupra.med.br\/index.php\/wp-json\/wp\/v2\/comments?post=178"}],"version-history":[{"count":1,"href":"https:\/\/gruposupra.med.br\/index.php\/wp-json\/wp\/v2\/pages\/178\/revisions"}],"predecessor-version":[{"id":180,"href":"https:\/\/gruposupra.med.br\/index.php\/wp-json\/wp\/v2\/pages\/178\/revisions\/180"}],"wp:attachment":[{"href":"https:\/\/gruposupra.med.br\/index.php\/wp-json\/wp\/v2\/media?parent=178"}],"curies":[{"name":"wp","href":"https:\/\/api.w.org\/{rel}","templated":true}]}}